35 is divided by q/8 - 2/8?
17
Let g = 20 + -13. Suppose 3 = a - g. Suppose -14 = -3*f + a. Calculate the remainder when f is divided by 3.
2
Let a(u) = 17*u**2 + 2*u + 1. Suppose 2*p = 3*p + 1. What is the remainder when 61 is divided by a(p)?
13
Suppose 6 + 54 = 4*k + 5*g, k - 4*g = -6. What is the remainder when 4/6 - 110/(-6) is divided by k?
9
Let i = -51 - -61. Calculate the remainder when 228 is divided by i.
8
Suppose 0 = -p + 59. Calculate the remainder when p is divided by 20.
19
Let y be (4 - 14/4)*34. Calculate the remainder when (-10)/(-8)*(-5 + y) is divided by 9.
6
Let v be -3 + 1 + 5/1. Let r(u) = -2*u**3 + 0 + u**v - 13*u**2 + 2. What is the remainder when 7 is divided by r(-13)?
1
Suppose -6 - 29 = -x. Calculate the remainder when x is divided by 13.
9
Suppose -50 = 4*p + 6. Let f be 558/7 + (-4)/p. Suppose 0 = 3*h + 17 - f. What is the remainder when 62 is divided by h?
20
Let k = 13 - 2. Calculate the remainder when 31 is divided by k.
9
Suppose -4*k + 3*z = 55 - 282, 3*k = 2*z + 169. Let f = 23 + -9. Calculate the remainder when k is divided by f.
11
Let k = 1687 + -667. Suppose m + 3*m = k. Calculate the remainder when (2/(-3))/((-10)/m) is divided by 6.
5
Suppose 0 = -2*s + 4, 0 = -y - 0*y - 5*s + 46. What is the remainder when y is divided by 19?
17
Suppose -12 = -a - 2*a. Suppose -2*u = -z + 4, -a*z + u + 6 = -38. Let c(w) = -5*w**3 - 4*w**2 - 5*w. Calculate the remainder when c(-2) is divided by z.
10
Let x be (-6)/8*-2*2. What is the remainder when 13 is divided by 3/x*(-7)/(-1)?
6
What is the remainder when 75 is divided by 6 + 2 + -1 + -1 + 5?
9
Suppose -2*t + 15 = -27. Let n = 10 + t. Calculate the remainder when n is divided by 17.
14
Calculate the remainder when 58 is divided by ((-100)/(-30))/((-4)/(-18)).
13
Suppose 4*h - 4 - 8 = -4*d, 5*h + 45 = 5*d. Let f(b) = -b**3 + 7*b**2 - 9*b + 3. Let w be f(d). Calculate the remainder when 34 is divided by ((-54)/w)/(2/5).
7
What is the remainder when 37 is divided by 114/8 - (-4 + (-51)/(-12))?
9
Suppose f + 3*p - 7 = 0, 0*f - 3*f - 2*p + 35 = 0. Let c = 17 + 6. Calculate the remainder when c is divided by f.
10
Let s(z) be the third derivative of -11*z**4/12 - z**3/6 + 3*z**2. What is the remainder when 41 is divided by s(-1)?
20
Suppose -4*v - 10 = -2*f, -7 = 2*f - 6*f - 5*v. What is the remainder when (-43)/(-4) - (-9)/(-12) is divided by f?
1
What is the remainder when (-68)/(-7) + (-4)/(-14) is divided by (48/(-30))/((-4)/10)?
2
Let j = 96 - -56. Let f = j - 213. Let h = f + 87. Calculate the remainder when h is divided by 9.
8
Let u(j) be the third derivative of 7*j**6/40 - j**5/30 + j**4/12 - j**3/6 - 8*j**2. What is the remainder when 59 is divided by u(1)?
19
Let t be (-13)/2*14/(-7). Suppose -t = -m + 2*f, -f = m - 0 - 4. Suppose -2*o - 39 = -2*y - m*o, o = 2*y - 33. What is the remainder when 50 is divided by y?
16
Suppose 0 = -3*z + 7*z - 36. Let u = -8 - -13. What is the remainder when z is divided by u?
4
Suppose s - 14 = -o, -3*o - o - 49 = -3*s. What is the remainder when 57 is divided by s?
12
Suppose -5*x + 38 = -3*x. Let d = x - 8. What is the remainder when (6/(-3) + 6)*8 is divided by d?
10
Suppose -2*c - 2*m = -4, -8 = c - 2*m - 25. Calculate the remainder when 12 is divided by c.
5
Let z be (-24)/(-10)*30/9. Suppose -3*o - 60 = -z*o. What is the remainder when o is divided by 5?
2
Let u be (6/3)/(-2 - 0). Let m(o) = o - 1. Calculate the remainder when (2 + -1 - 4)*u is divided by m(3).
1
Suppose -2*k = -3*k - 3. Suppose -20 = -5*q, 5*i - q + 0*q - 21 = 0. Let u = i + k. What is the remainder when 3 is divided by u?
1
Let c be (21/(-4))/(-7)*8. Suppose 4*b + 4*l = 46 + c, 3*b = l + 55. Calculate the remainder when 32 is divided by b.
15
Let r(j) be the second derivative of 3*j**3/2 - 4*j. Calculate the remainder when 18*(2 + -1) + -1 is divided by r(1).
8
Let u = 188 - 108. Calculate the remainder when u is divided by 9.
8
Calculate the remainder when 10/(-85) + (-886)/(-17) is divided by 6.
4
Suppose -5*w - 16 = -2*i + 6, 0 = 2*w. Let r(s) = -31*s. Let m be r(-1). Calculate the remainder when (2/1)/(2/m) is divided by i.
9
Let y(x) = 8*x**2 + 5 - 5. Let o be y(2). Suppose -3*q = -119 + o. What is the remainder when q is divided by 15?
14
Let t(b) = -b + 286. Let a be t(0). Let z be a/4 - 1/2. Suppose 2*w - w - 21 = 2*s, -4*w + z = 5*s. What is the remainder when 36 is divided by w?
17
Let t = 146 + -87. Suppose -3*q + 4*h = -68, 2*q = -2*h + 22 + 14. Calculate the remainder when t is divided by q.
19
Let b(p) = -p**3 + 9*p**2 + 5*p - 10. Suppose 4*o = -4*v + 28, -2*v = -4*v + 4*o + 44. Calculate the remainder when b(9) is divided by v.
11
Let o(k) = -k**3 - 7*k**2 + 7*k - 14. Let n be o(-8). Calculate the remainder when 24 is divided by n/(-5)*(-35)/(-3).
10
Let u(o) = o - 20. Let x(i) = 7. Let r(b) = -2*u(b) - 7*x(b). Let z = -15 - -7. What is the remainder when r(z) is divided by 4?
3
Calculate the remainder when (-72 - -2)/(12/(-42)) is divided by 41.
40
Let i be (-4)/6 - (-28)/6. Let l(m) = m**3 - 2*m**2 - 4*m - 5. What is the remainder when 31 is divided by l(i)?
9
Let m be 6*-2*(-13)/26. Suppose -178 = m*u - 592. What is the remainder when u is divided by 18?
15
Let o be -1*(-2 + (1 - -1)). Suppose o = p + 3*d - 38, 0 = 5*p - 3*d - 0*d - 244. Calculate the remainder when p is divided by (-18)/((15/2)/(-5)).
11
Let d = 8 - 2. What is the remainder when d is divided by 3?
0
Let p(r) = r**2 + 1. Calculate the remainder when 12 is divided by p(2).
2
Suppose -3*q = -2*h - 28, -h = -2*h + 1. Calculate the remainder when 573/12 + -1*1/(-4) is divided by q.
8
Suppose 3*j = -3*k - 0*k + 30, 3*j = -2*k + 20. Let z be (3/(-1))/3 + 3. What is the remainder when k is divided by (12/(-18))/(z/(-12))?
2
Suppose 1 = -g + 4*t + 32, -3 = 2*g + 5*t. Calculate the remainder when 32 is divided by g.
10
Suppose -5*d + 96 = -3*d. What is the remainder when 45 is divided by ((-2)/(-4))/(2/d)?
9
Calculate the remainder when 13 is divided by (-8)/12 - (-60)/9.
1
Suppose -o + 89 = o + 3*v, -2*v = o - 43. What is the remainder when o is divided by 16?
1
Let j = -5 + 7. Let u = 11 + j. Calculate the remainder when 37 is divided by u.
11
Let k(q) = -q**3 - 4*q**2 - 3*q. Let l be k(-2). Let j(g) = -8*g - 2. What is the remainder when 25 is divided by j(l)?
11
Let w(d) = -d**3 + 6*d**2 + 4*d - 9. Let h be w(6). Let n be 29/3 - (-2)/6. Calculate the remainder when 1 is divided by (-1)/2 + h/n.
0
Suppose 0*c - 3*n - 87 = -3*c, 3*c + 4*n = 94. Calculate the remainder when c is divided by 8.
6
Let n(f) = -f**2 - 6*f - 2. Let u be n(-6). Let k(z) = -8*z - 2. What is the remainder when 27 is divided by k(u)?
13
What is the remainder when ((-3)/4)/((-3)/216) is divided by 11?
10
Let n = -15 + 21. Let b be -1 - 261/n*2. What is the remainder when 44 is divided by (-3)/(-9) - b/6?
14
Suppose 0 = -2*t + 4*t - 60. Suppose 3*l - t = -0*l. What is the remainder when l is divided by 4?
2
Suppose -2*n = 2*t - 56, 3*t - 94 = n - 2*n. Suppose 2*o - t = -o. Suppose 2*w = 3*w - 6. What is the remainder when o is divided by w?
5
Let k be (-71)/(-3) - 3/(-9). Let h = k - -4. Calculate the remainder when h is divided by 10/4*(5 + 1).
13
Let o = -14 - -13. What is the remainder when (-87)/(0 + 3)*o is divided by 16?
13
Let t(u) = -u**2 + u + 3. Let c be t(-2). Let i = -7 + 4. What is the remainder when 25 is divided by 1/i - 28/c?
7
Suppose -4*d = 3*i + 11, -5*i = d + d + 23. What is the remainder when 10 is divided by (d - 2/1)*-6?
4
Suppose 0 = 7*n - 3*n - 48. What is the remainder when 33 is divided by n?
9
Suppose 2*d + 1 = -5, -d = -5*u + 73. Calculate the remainder when 25 is divided by u.
11
Suppose 2*l = -0*l + 110. Calculate the remainder when l is divided by 19.
17
Suppose -9*v + 20 = -5*v. Suppose -v = r, -4*u - 3*r + 50 = -r. Suppose -10 = -2*h + 6. Calculate the remainder when u is divided by h.
7
Suppose -1 = -3*y + 2. Suppose 3*t - 5 = y. What is the remainder when 53 is divided by (-18)/4*t*-2?
17
Suppose -2*l = -8, -1 = 2*k - l - 17. Calculate the remainder when 28 is divided by k.
8
Suppose -4*y + 2*q + 66 = 0, y + 0*y - q - 14 = 0. Suppose 2*j - 48 = 2. Let s = -15 + j. Calculate the remainder when y is divided by s.
9
Let t(w) = w - 9. Let c(i) = -3*i + 26. Suppose -4*